 the prime factors of 10373?
11, 23, 41
List the prime factors of 172376.
2, 29, 743
List the prime factors of 41550.
2, 3, 5, 277
List the prime factors of 288052.
2, 23, 31, 101
List the prime factors of 1555003.
67, 23209
What are the prime factors of 7459812?
2, 3, 43, 61, 79
What are the prime factors of 194478?
2, 3, 32413
List the prime factors of 431411.
23, 18757
List the prime factors of 4472019.
3, 496891
List the prime factors of 836801.
7, 173, 691
What are the prime factors of 1079879?
1079879
List the prime factors of 363286.
2, 7, 11, 337
What are the prime factors of 1259346?
2, 3, 11, 19081
List the prime factors of 19986055.
5, 3997211
List the prime factors of 481410.
2, 3, 5, 1783
What are the prime factors of 63712?
2, 11, 181
What are the prime factors of 1330469?
7, 71, 2677
What are the prime factors of 1159439?
41, 28279
What are the prime factors of 23121994?
2, 7, 1651571
What are the prime factors of 13087704?
2, 3, 7, 31, 359
List the prime factors of 2237120.
2, 5, 6991
List the prime factors of 739759.
739759
What are the prime factors of 4413271?
4413271
List the prime factors of 3559250.
2, 5, 23, 619
What are the prime factors of 713532?
2, 3, 97, 613
What are the prime factors of 510271?
510271
List the prime factors of 3280911.
3, 1093637
List the prime factors of 1197755.
5, 13, 18427
What are the prime factors of 1417976?
2, 7, 25321
List the prime factors of 976967.
109, 8963
What are the prime factors of 518753?
443, 1171
List the prime factors of 1735162.
2, 11, 13, 6067
What are the prime factors of 1125218?
2, 19, 29611
What are the prime factors of 531574?
2, 265787
What are the prime factors of 1595792?
2, 11, 9067
What are the prime factors of 137880?
2, 3, 5, 383
What are the prime factors of 17644984?
2, 7, 487, 647
What are the prime factors of 715985?
5, 143197
List the prime factors of 4340591.
47, 92353
What are the prime factors of 211553?
89, 2377
What are the prime factors of 1469759?
887, 1657
List the prime factors of 346182.
2, 3, 57697
What are the prime factors of 10498414?
2, 5249207
What are the prime factors of 2785927?
43, 67, 967
What are the prime factors of 251772?
2, 3, 20981
What are the prime factors of 4233609?
3, 103, 4567
List the prime factors of 91430.
2, 5, 41, 223
List the prime factors of 1657229.
7, 31, 1091
What are the prime factors of 1999858?
2, 7, 211, 677
What are the prime factors of 1989102?
2, 3, 17, 19501
What are the prime factors of 297342?
2, 3, 16519
What are the prime factors of 137934?
2, 3, 79, 97
What are the prime factors of 1230522?
2, 3, 67, 3061
List the prime factors of 154801.
283, 547
What are the prime factors of 8047620?
2, 3, 5, 7, 2129
What are the prime factors of 741242?
2, 73, 5077
What are the prime factors of 2134763?
2134763
What are the prime factors of 11889372?
2, 3, 11, 90071
List the prime factors of 3655416.
2, 3, 223, 683
List the prime factors of 24969862.
2, 59, 61, 3469
What are the prime factors of 19039409?
101, 131, 1439
List the prime factors of 390696.
2, 3, 73, 223
What are the prime factors of 390318?
2, 3, 65053
List the prime factors of 2448557.
23, 29, 3671
What are the prime factors of 1632035?
5, 103, 3169
List the prime factors of 2532075.
3, 5, 7, 13, 53
What are the prime factors of 3306810?
2, 3, 5, 13, 61, 139
What are the prime factors of 4378400?
2, 5, 13, 421
List the prime factors of 268817.
268817
List the prime factors of 7869277.
13, 605329
List the prime factors of 8716280.
2, 5, 217907
What are the prime factors of 683910?
2, 3, 5, 17, 149
What are the prime factors of 2005835?
5, 13, 30859
List the prime factors of 646071.
3, 31, 6947
What are the prime factors of 971524?
2, 89, 2729
List the prime factors of 6535029.
3, 2178343
List the prime factors of 5740291.
37, 167, 929
What are the prime factors of 4513700?
2, 5, 45137
List the prime factors of 44232.
2, 3, 19, 97
List the prime factors of 152646.
2, 3, 13, 19, 103
What are the prime factors of 14387?
14387
List the prime factors of 4111399.
17, 241847
What are the prime factors of 198772?
2, 7, 31, 229
List the prime factors of 659284.
2, 164821
What are the prime factors of 932442?
2, 3, 7, 149
What are the prime factors of 7681382?
2, 17, 157, 1439
List the prime factors of 331838.
2, 13, 12763
What are the prime factors of 10207941?
3, 3402647
List the prime factors of 2564262.
2, 3, 43, 3313
List the prime factors of 168263.
168263
What are the prime factors of 2913981?
3, 7, 43, 461
List the prime factors of 172408.
2, 23, 937
What are the prime factors of 30599148?
2, 3, 37, 68917
What are the prime factors of 47233?
149, 317
What are the prime factors of 3604143?
3, 1201381
List the prime factors of 552085.
5, 109, 1013
List the prime factors of 404983.
404983
What are the prime factors of 2197586?
2, 61, 18013
What are the prime factors of 9123315?
3, 5, 79, 7699
What are the prime factors of 49383?
3, 31, 59
What are the prime factors of 1163307?
3, 241, 1609
What are the prime factors of 1249554?
2, 3, 19, 97, 113
List the prime factors of 31965.
3, 5, 2131
List the prime factors of 747649.
7, 29, 127
List the prime factors of 29081932.
2, 11, 19, 43, 809
List the prime factors of 1444857.
3, 481619
What are the prime factors of 5343593?
17, 314329
List the prime factors of 5556855.
3, 5, 271, 1367
What are the prime factors of 13598883?
3, 29, 52103
What are the prime factors of 4123499?
191, 21589
What are the prime factors of 4580725?
5, 41, 109
What are the prime factors of 3831393?
3, 29, 47, 937
List the prime factors of 618713.
131, 4723
What are the prime factors of 921208?
2, 115151
List the prime factors of 78008.
2, 7, 199
What are the prime factors of 343425?
3, 5, 19, 241
What are the prime factors of 2159317?
97, 113, 197
What are the prime factors of 312432?
2, 3, 23, 283
What are the prime factors of 980881?
11, 23, 3877
What are the prime factors of 7969284?
2, 3, 19, 61, 191
What are the prime factors of 781436?
2, 195359
List the prime factors of 2772076.
2, 693019
List the prime factors of 2143706.
2, 37, 59, 491
What are the prime factors of 20812047?
3, 6937349
What are the prime factors of 270384?
2, 3, 43, 131
What are the prime factors of 257748?
2, 3, 47, 457
What are the prime factors of 65033?
65033
What are the prime factors of 7581628?
2, 23, 3583
What are the prime factors of 18963949?
18963949
List the prime factors of 33213768.
2, 3, 7, 61, 463
What are the prime factors of 2959381?
59, 50159
List the prime factors of 330305.
5, 31, 2131
What are the prime factors of 9010492?
2, 2252623
What are the prime factors of 11590518?
2, 3, 1931753
List the prime factors of 826172.
2, 206543
What are the prime factors of 441405?
3, 5, 17, 577
What are the prime factors of 15361088?
2, 240017
List the prime factors of 1255876.
2, 313969
List the prime factors of 146537.
29, 31, 163
What are the prime factors of 6403667?
41, 313, 499
List the prime factors of 375549.
3, 125183
What are the prime factors of 205046?
2, 102523
List the prime factors of 41392135.
5, 29, 285463
What are the prime factors of 1730031?
3, 576677
What are the prime factors of 218938?
2, 109469
List the prime factors of 241038.
2, 3, 7, 1913
What are the prime factors of 151011?
3, 7, 17, 47
What are the prime factors of 261866?
2, 11, 11903
List the prime factors of 135053.
29, 4657
What are the prime factors of 400555?
5, 80111
What are the prime factors of 19016100?
2, 3, 5, 7043
List the prime factors of 26354539.
17, 19, 139, 587
List the prime factors of 8584073.
8584073
List the prime factors of 1041564.
2, 3, 29, 41, 73
What are the prime factors of 869206?
2, 13, 101, 331
What are the prime factors of 581097?
3, 11, 17609
List the prime factors of 7695098.
2, 3847549
What are the prime factors of 9233990?
2, 5, 923399
List the prime factors of 526055.
5, 105211
List the prime factors of 82192.
2, 11, 467
List the prime factors of 2999083.
307, 9769
What are the prime factors of 68740?
2, 5, 7, 491
List the prime factors of 699336.
2, 3, 11, 883
List the prime factors of 346195.
5, 69239
What are the prime factors of 1171479?
3, 390493
List the prime factors of 4120950.
2, 3, 5, 83, 331
What are the prime factors of 49